 2*d - 12. What is the highest common factor of d and j?
5
Let g be (-8)/(-6) - 2823/(-9). Suppose 3*a + d - 103 = 0, -d = 2*a + 2*a - 138. What is the greatest common factor of a and g?
35
Suppose 3*x = 5*a - 1162, -4*a - 5*x = -1435 + 535. What is the highest common divisor of 92 and a?
46
Suppose 0 = -6*g - 25 + 49. Calculate the highest common factor of g and 652.
4
Let u = 555 + -528. Let p(n) = -n**2 + 4*n + 2. Let d be p(4). Suppose 4*l - 3*z + d*z = 35, -5*l + 48 = 3*z. What is the greatest common factor of u and l?
9
Let q be (240/(-18) + 4)*45/(-6). What is the highest common divisor of 20 and q?
10
Suppose -n + 5*n - 4*d = 520, -4*n = 4*d - 520. Calculate the highest common divisor of 20 and n.
10
Let l be -66*((-3)/6 - 0). Let q = l + -26. Suppose 208 + 44 = q*v. What is the greatest common divisor of v and 4?
4
Let o(m) = m**3 - 26*m**2 + 57*m - 98. Let p be o(25). What is the highest common divisor of 26 and p?
26
Let v = 29 - -1. Suppose 0 = 5*f - 10*f + 50. What is the greatest common divisor of v and f?
10
Let b = 0 - -3. Let l be (b/(-6))/(1/(-12)). Let v = 18 - l. Calculate the greatest common factor of 18 and v.
6
Suppose -2*z = 2*z + 4*s - 8, 2*s - 6 = 0. Let k be (12 - -2) + 2 + (z - 0). Calculate the greatest common divisor of 75 and k.
15
Let z = -2 - 0. Let r be -1 - z*(0 + 3). Let h be -8 + r - (1 - 27). What is the greatest common factor of 161 and h?
23
Let h = 375 - 267. Let n be (0 - 0/2) + 3. Suppose n*b + 123 = 5*y, -8 = -y + 5*b - 1. What is the highest common divisor of y and h?
27
Let d be 0 + (-1*12)/(-1). Suppose -2*s - 188 = -s. Let m = s + 320. Calculate the highest common factor of m and d.
12
Let u be 296 - 2/3*-3. Suppose -857 = -5*i + u. Calculate the highest common divisor of 21 and i.
21
Let l(y) = 39*y - 45. Let p be l(2). Calculate the greatest common factor of p and 44.
11
Suppose -3*h = 5*c - 147 - 94, 185 = 4*c + 5*h. Calculate the highest common divisor of c and 425.
25
Suppose -8 = 4*o, -5*u - 2*o + 23 = -8. Let a(p) = -p + 39. Let r be a(18). Calculate the greatest common factor of u and r.
7
Suppose 3*f - q - 548 = 0, 4*f = -3*q - 2*q + 756. Suppose 2*l = -2*p + 76, l - 14 = -5*p + f. What is the greatest common factor of 5 and p?
5
Let a(w) = -w**3 - 19*w**2 - 22*w - 58. Let d be a(-18). Calculate the greatest common factor of d and 350.
14
Suppose -20 - 1 = -n. Let x be ((135/(-18))/(-15))/((-3)/(-1386)). Calculate the highest common divisor of n and x.
21
Suppose -2*d + 0*d + 238 = 0. Calculate the greatest common factor of 7 and d.
7
Suppose d - 18 = 49*k - 46*k, 2*d + 4*k - 76 = 0. Suppose s = 2*y - 20, 3*y - 10 = 5*s + 20. What is the greatest common factor of y and d?
10
Let z(w) = -2*w**2 + 12*w - 4. Let j(i) = 3*i**2 + 38*i + 29. Let o be j(-12). Let x be z(o). What is the greatest common divisor of x and 18?
6
Suppose 0*h + 55 = h. Suppose -3*r - 21 = -2*z - 89, 2*r - 43 = -z. What is the highest common factor of h and r?
11
Let x(t) = -3*t - 4. Let r be x(-12). Suppose r = 2*f + 2*f - a, 0 = -3*a. Suppose f*g + 112 = 12*g. What is the greatest common divisor of 70 and g?
14
Suppose 2*y + 3*m + 51 = 0, -y + 2*m - 7*m - 29 = 0. Let r = -16 - y. What is the highest common divisor of 72 and r?
8
Let v = 12 - 2. Suppose v*b - 12 = 8*b. Calculate the highest common factor of b and 2.
2
Suppose -2*k - 2*x + 111 = -5*x, -k = -4*x - 58. Let b = 9987 - 9985. Calculate the greatest common divisor of k and b.
2
Suppose 28*s - 6559 + 1743 = 0. Let g = -162 + s. Suppose -80 = -4*z - 0*z. What is the highest common divisor of z and g?
10
Suppose -3*r + 8*r = 2*o - 17, 4*o = r - 11. Let s = r + 17. What is the highest common divisor of 192 and s?
12
Suppose -6*t - 3*g + 5*g + 1768 = 0, -5*t + 1478 = -4*g. Calculate the greatest common divisor of 12 and t.
6
Let t = 1121 + -673. Calculate the greatest common divisor of 56 and t.
56
Suppose 14 = k - 2*v, 0 = -2*k - k + v + 17. Suppose k*u - 26 - 22 = 0. What is the greatest common factor of 24 and u?
12
Let s(u) = -u**3 - 7*u**2 - 12*u + 10. Let h be s(-4). What is the greatest common divisor of 670 and h?
10
Suppose k = -6 + 1, -5*k = -2*i + 131. Let v = 66 - i. Calculate the greatest common divisor of 117 and v.
13
Let t = 544 - 409. What is the highest common divisor of t and 5?
5
Let r(c) = c**2 - 10*c - 15. Let b be r(12). Let q(f) = f**3 - 8*f**2 - 6*f - 2. Let t be q(b). Calculate the greatest common divisor of t and 275.
25
Let v be 1*(-1)/((-1)/34). Let q(r) = -9*r - 30. Let p = 10 - 19. Let c be q(p). What is the highest common factor of c and v?
17
Let z(f) = f**2 + 6*f + 8. Let o be (-5 - -2)/3 + 6. Let p = o + -11. Let h be z(p). What is the greatest common factor of 20 and h?
4
Suppose -15 = 3*w + x, -6*w = -4*w - 4*x - 4. Let p be ((-1 - 2) + w)*48/(-14). Calculate the highest common factor of 48 and p.
24
Let o = 1098 - 1078. Calculate the highest common factor of o and 1780.
20
Suppose -3*x - 95 = -5*t + 160, 4*t = 2*x + 202. Let s be ((-2)/8)/(3/t*-2). Calculate the highest common factor of s and 4.
2
Suppose 3*n - 211 - 806 = 0. Let h = n - 185. What is the greatest common divisor of 14 and h?
14
Let v(b) = -b**3 - 9*b**2 - 7*b + 10. Let l be v(-8). Let o be (28/(-35))/(l/(-5)). What is the greatest common factor of o and 3?
1
Let g be ((-1)/(-3))/(3/(-585)*-5). Calculate the highest common divisor of g and 104.
13
Suppose -2*p - 109 = 5*c, -2*c - 5*p - 73 = c. Let n be (-52)/(-7) - (-9)/c. Let x = -39 - -67. What is the greatest common factor of n and x?
7
Suppose 49 = -g - 3*q, -3*g - 155 = -2*q + 3*q. Let r = -32 - g. What is the highest common factor of r and 4?
4
Let z(p) = 6*p**2 + 4*p + 6. Let d be z(5). Suppose 0*o = 11*o - d. What is the highest common divisor of 48 and o?
16
Let z be (-11)/55 + 61/5. Let y(t) = 2*t**2 + t + 6. Let b be -4 + 3 + (-2 - -1). Let p be y(b). What is the greatest common divisor of z and p?
12
Let a be (-174)/(-6) + -8 - 3. What is the greatest common factor of a and 36?
18
Suppose 9 = 3*y, 2*r - 9*y - 728 = -5*y. Calculate the greatest common factor of r and 74.
74
Suppose 0*q = -2*q + 56. Suppose 5*y = -0*y + 15. Suppose s + 425 = y*r, -9 - 1 = 2*s. What is the highest common factor of q and r?
28
Suppose 3*z + 30 = -i, -z = -2*z - i - 12. Let r = z + 18. What is the greatest common divisor of 3 and r?
3
Let m(x) be the first derivative of x**3/3 + x**2/2 + 18*x - 7. Let a be m(0). Calculate the greatest common factor of a and 198.
18
Suppose 10*c - 534 + 64 = 0. Suppose 3*q = -4*f - 0*q + 185, -2*q - 190 = -4*f. What is the highest common factor of f and c?
47
Suppose 0 = 2*a - 3*n - 316, 4*a + 205 = 3*n + 843. What is the greatest common factor of a and 69?
23
Let q = -581 + 582. What is the highest common factor of 19 and q?
1
Let d be 22/(-55) - (-12)/5. Let c be (2 - d)/(1 + 0) + 21. What is the highest common factor of 147 and c?
21
Let q be (-4)/(((-20)/(-365))/(-6 - 0)). Suppose 0 = -3*x + 4*y + 272, y - q = -2*x - 3*x. Calculate the highest common divisor of 22 and x.
22
Let h = 47 + -42. Let m = 51 + -11. What is the greatest common factor of m and h?
5
Let a(z) = 161*z - 1. Let i be a(1). Calculate the highest common divisor of i and 60.
20
Let a be (-3)/2*13872/(-153). What is the highest common divisor of 24 and a?
8
Let f(b) = b**3 - 6*b**2 + 4*b - 2. Let k be f(5). Let r be (k/2)/(21/(-6) - -3). What is the greatest common divisor of 28 and r?
7
Suppose 16 = 13*n - 10. Suppose 0 = -v + 4, n*h - 3*v = 24 + 4. Calculate the highest common factor of 10 and h.
10
Let b = 679 + 233. What is the greatest common factor of b and 8?
8
Let y(t) = 6 - 12 + 12 - 11*t. Let b be y(-4). What is the greatest common factor of 20 and b?
10
Let k be (-196)/(-2) - (-126)/63. Calculate the highest common factor of k and 140.
20
Let y be 14476/198 + (-2)/18. What is the highest common factor of 146 and y?
73
Let r(j) = j**3 + 7*j**2 - 7*j. Let l be r(-8). Let x be (-7716)/(-48) + (-2)/l. Calculate the highest common divisor of x and 23.
23
Suppose -5*k = -3*c + 5*c - 37, -5 = -k - c. Let a be (-4)/6 + 978/k. What is the highest common divisor of a and 72?
36
Let y(j) = -6 - 6 + 14 - 2*j**3 + 2*j. Let s be y(-3). Suppose -4*c = -2*u - 82, 3 = -5*u + 2*u. Calculate the greatest common factor of